{"id":5345,"date":"2023-12-25T09:51:49","date_gmt":"2023-12-25T08:51:49","guid":{"rendered":"https:\/\/www.podistipercaso.it\/home\/grand-prix-corsa-2024\/"},"modified":"2024-11-15T12:54:41","modified_gmt":"2024-11-15T11:54:41","slug":"grand-prix-corsa-2024","status":"publish","type":"page","link":"https:\/\/www.podistipercaso.it\/home\/grand-prix-corsa-2024\/","title":{"rendered":"Grand Prix Corsa 2024"},"content":{"rendered":"<p><a href=\"https:\/\/www.podistipercaso.it\/home\/Grand_Prix_Corsa_2024\/Trofeo_Acireale_2024.pdf\" target=\"_blank\" rel=\"noopener\">04 Febbraio 2024 Acireale (CT) &#8211; Trofeo Carnevale di Acireale 2024<\/a><\/p>\n<p><a href=\"https:\/\/www.podistipercaso.it\/home\/Grand_Prix_Corsa_2024\/TROFEO_CITT_DI_AIDONE_-_Classifica.pdf\" target=\"_blank\" rel=\"noopener\">17 Marzo 2024 Aidone (EN) &#8211; 1\u00b0 Trofeo Citt\u00e0 di Aidone<\/a><\/p>\n<p><a href=\"https:\/\/www.podistipercaso.it\/home\/Grand_Prix_Corsa_2024\/Trofeo Citt di Messina\" target=\"_blank\" rel=\"noopener\">21 Aprile 2024 Messina &#8211; Trofeo Citt\u00e0 di Messina &#8220;I Memorial Carmelo La Corte&#8221;<\/a><\/p>\n<p><a href=\"https:\/\/www.podistipercaso.it\/home\/Grand_Prix_Corsa_2024\/Classifica_StraFloridia_2024.pdf\" target=\"_blank\" rel=\"noopener\">05 Maggio 2024 Floridia (SR) \u2013 5^ Strafloridia<\/a><\/p>\n<p><a href=\"https:\/\/www.podistipercaso.it\/home\/Grand_Prix_Corsa_2024\/Classifica_Jazz_Run_Vittoria_2024.pdf\" target=\"_blank\" rel=\"noopener\">12 Maggio 2024 Vittoria (RG) \u2013 7\u00b0 Jazz Run<\/a><\/p>\n<p><a href=\"https:\/\/www.podistipercaso.it\/home\/Grand_Prix_Corsa_2024\/Classifica_Trofeo_Kalat_2024.pdf\" target=\"_blank\" rel=\"noopener\">26 Maggio 2024 Caltanissetta (CL) \u2013 23\u00b0 Trofeo Kalat<\/a><\/p>\n<p><a href=\"https:\/\/www.podistipercaso.it\/home\/Grand_Prix_Corsa_2024\/Classifica_Trofeo_Citt_di_Lascari__-_Mare_2024.pdf\" target=\"_blank\" rel=\"noopener\">09 Giugno 2024 Lascari (PA) \u2013 VI Trofeo Citt\u00e0 di Lascari Mare<\/a><\/p>\n<p><a href=\"https:\/\/www.podistipercaso.it\/home\/Grand_Prix_Corsa_2024\/TROFEO_PODISTICO_MAZARA_DIECI_FAST_-_Classifica.pdf\">01 Settembre 2024 Mazzara del Vallo (TP) \u2013 \u201cMAZARA DIECI FAST\u201d<\/a><\/p>\n<p><a href=\"https:\/\/www.podistipercaso.it\/home\/Grand_Prix_Corsa_2024\/TROFEO_DEL_MARE_-_TROFEO_EQUILIBRA_RUNNING_TEAM_-_Classifica (1).pdf\" target=\"_blank\" rel=\"noopener\">08 Settembre 2024 Bagheria (PA) &#8211; Trofeo del Mare &#8220;Trofeo Equilibra Running Team<\/a><\/p>\n<p><a href=\"https:\/\/www.podistipercaso.it\/home\/Grand_Prix_Corsa_2024\/Classifica_Trofeo_Citt_Milazzo_2024.pdf\" target=\"_blank\" rel=\"noopener\">15 Settembre 2024 Milazzo (ME) &#8211; <span class=\"edition_number\">IX\u00a0<\/span>Trofeo Citt\u00e0 di Milazzo<\/a><\/p>\n<p><a href=\"https:\/\/www.podistipercaso.it\/home\/Grand_Prix_Corsa_2024\/TROFEO_DELLUVA_ITALIA_CITT_DI_CANICATT_-_Classifica.pdf\" target=\"_blank\" rel=\"noopener\">29 Settembre 2024 Canicatt\u00ec (AG) &#8211; III^ Trofeo dell&#8217;Uva Italia Citt\u00e0 di Canicatt\u00ec<\/a><\/p>\n<p><a href=\"https:\/\/www.podistipercaso.it\/home\/Grand_Prix_Corsa_2024\/TROFEO_SALE__SALINE_-_Classifica.pdf\" target=\"_blank\" rel=\"noopener\">13 Ottobre 2024 Trapani &#8211; Trofeo Sale &amp; Saline<\/a><\/p>\n<p>03 Novembre 2024 Ribera (AG) 16\u00b0 Trofeo Podistico \u201cEstate Riberese\u201d<\/p>\n<p><a href=\"https:\/\/www.podistipercaso.it\/home\/Grand_Prix_Corsa_2024\/Classifiche_GP_Corsa_dopo_12_prove_2024.pdf\" target=\"_blank\" rel=\"noopener\">Classifica dopo la 12\u00b0 prova<\/a><\/p>\n<p>&nbsp;<\/p>\n","protected":false},"excerpt":{"rendered":"<p>04 Febbraio 2024 Acireale (CT) &#8211; Trofeo Carnevale di Acireale 2024 17 Marzo 2024 Aidone (EN) &#8211; 1\u00b0 Trofeo Citt\u00e0 di Aidone 21 Aprile 2024 Messina &#8211; Trofeo Citt\u00e0 di Messina &#8220;I Memorial Carmelo La Corte&#8221; 05 Maggio 2024 Floridia (SR) \u2013 5^ Strafloridia 12 Maggio 2024 Vittoria (RG) \u2013 7\u00b0 Jazz Run 26 Maggio [&hellip;]<\/p>\n","protected":false},"author":1,"featured_media":0,"parent":0,"menu_order":0,"comment_status":"closed","ping_status":"closed","template":"","meta":{"footnotes":""},"class_list":["post-5345","page","type-page","status-publish","hentry"],"jetpack_sharing_enabled":true,"_links":{"self":[{"href":"https:\/\/www.podistipercaso.it\/home\/wp-json\/wp\/v2\/pages\/5345","targetHints":{"allow":["GET"]}}],"collection":[{"href":"https:\/\/www.podistipercaso.it\/home\/wp-json\/wp\/v2\/pages"}],"about":[{"href":"https:\/\/www.podistipercaso.it\/home\/wp-json\/wp\/v2\/types\/page"}],"author":[{"embeddable":true,"href":"https:\/\/www.podistipercaso.it\/home\/wp-json\/wp\/v2\/users\/1"}],"replies":[{"embeddable":true,"href":"https:\/\/www.podistipercaso.it\/home\/wp-json\/wp\/v2\/comments?post=5345"}],"version-history":[{"count":29,"href":"https:\/\/www.podistipercaso.it\/home\/wp-json\/wp\/v2\/pages\/5345\/revisions"}],"predecessor-version":[{"id":5622,"href":"https:\/\/www.podistipercaso.it\/home\/wp-json\/wp\/v2\/pages\/5345\/revisions\/5622"}],"wp:attachment":[{"href":"https:\/\/www.podistipercaso.it\/home\/wp-json\/wp\/v2\/media?parent=5345"}],"curies":[{"name":"wp","href":"https:\/\/api.w.org\/{rel}","templated":true}]}}