{"id":113,"date":"2015-02-05T11:31:14","date_gmt":"2015-02-05T10:31:14","guid":{"rendered":"http:\/\/www.podistipercaso.it\/home\/?page_id=113"},"modified":"2022-12-11T19:24:24","modified_gmt":"2022-12-11T18:24:24","slug":"tradizioni","status":"publish","type":"page","link":"https:\/\/www.podistipercaso.it\/home\/avola-2\/tradizioni\/","title":{"rendered":"Tradizioni"},"content":{"rendered":"<p style=\"text-align: justify;\"><span style=\"color: #000000;\">La tradizione folkloristica di Avola si \u00e8 andata perdendo lungo i secoli, particolarmente dopo la ricostruzione del nuovo sito nel 1693. Molte erano le feste popolari\u00a0 importanti e impregnate di \u00a0spiritualit\u00e0, di allegoria e legate ad eventi storici che avevano coinvolto la citt\u00e0, vedi la festa S. Corrado Gonfalonieri raccontata dal Pirri, la festa di S. Biagio vesc., S. Giacomo, S. Anna e Giocchino, S. Giuseppe, la Madonna dell\u2019Itria, ecc. Molte erano le confraternite che sostenevano e si impegnavano al realizzo delle feste sopraccitate. Oggi la festa pi\u00f9 importante \u00e8 la <strong>Pasqua<\/strong>. La festa inizia con\u00a0 \u201cLe sette parole\u201d prima della morte, pronunciate sul sagrato della Chiesa Madre da un\u2019effige del Cristo Crocifisso. Successivamente, l\u2019effige del Cristo, snodabile, viene deposta in un lenzuolo bianco e condotto in processione sino alla Chiesa di S. Antonio Abate. Qui viene adagiato dentro la \u201cvara\u201d (bara) di vetro e viene ricoperto di petali di rosa. Inizia la Via Crucis con cinque statue raffiguranti i misteri dolorosi del Cristo e una statua della Vergine Addolorata, segue la processione la \u201cvara\u201d con baldacchino, che percorre le arterie principali del centro storico. La mattina della domenica di Pasqua si festeggia <strong>\u201cA Paci\u201d<\/strong>: la statua del Cristo Risorto portata a spalla dalla Chiesa di S. Giovanni B. va incontro alla statua della Vergine che proviene a sua volta dalla Ciesa di S. Antonio di Padova, avvolta nel manto nero del lutto. Arrivati in piazza Umberto I, la statua della Vergine, manovrata dall\u2019interno, apre le braccia gettando il manto nero e lasciando volare delle colombe bianche, quindi viene portata di corsa verso la statua del Cristo Risorto, che incontra al centro della piazza, e benedicendolo lo abbraccia per tre volte. La seconda domenica di Maggio si festeggia S. Sebastiano con i <strong>\u201cNuri\u201d<\/strong>, ovvero fedeli che, facendo promessa per una grazia, percorrono la strada SS. 115 dall\u2019edicola votiva dedicata al Santo, in contrada Gallina, fino alla Chiesa Madre, scalzi, vestiti di bianco con una fascia rossa, invocando ad alta voce e lodando le meraviglie compiute dal Santo. La sera il baldacchino con la statua del Santo viene portato in processione per le vie della citt\u00e0. L\u2019ultima domenica di luglio si festeggia <strong>S. Venera,<\/strong> patrona di Avola Festa preparata da un triduo che culmina nella processione della Statua della Santa per le vie della citt\u00e0. <strong>San. Giuseppe<\/strong> \u00e8 una festa rionale o di quartiere, cio\u00e8 ogni quartiere prepara dei grandi mucchi di legna che vengono bruciati la sera del 19 marzo con un grande fal\u00f2. Il pi\u00f9 famoso di questi fal\u00f2, che ha mantenuto la tradizione ininterrottamente, \u00e8 quello del quartiere dei Cappuccini. Degno di nota anche il <strong>Carnevale<\/strong>, festa pagana che finisce il marted\u00ec prima del mercoled\u00ec delle Ceneri, per tre giorni sfilano carri allegorici in cartapesta e carri addobbati con fiori e gruppi mascherati. La festa si conclude con il fal\u00f2 del carro rappresentante Re Carnevale.<\/span><\/p>\n<p><span style=\"color: #000000;\">\u00a0Fonte: da Avola Stradario (Giuseppe Giallongo Crav\u00e8)<\/span><\/p>\n","protected":false},"excerpt":{"rendered":"<p>La tradizione folkloristica di Avola si \u00e8 andata perdendo lungo i secoli, particolarmente dopo la ricostruzione del nuovo sito nel 1693. Molte erano le feste popolari\u00a0 importanti e impregnate di \u00a0spiritualit\u00e0, di allegoria e legate ad eventi storici che avevano coinvolto la citt\u00e0, vedi la festa S. Corrado Gonfalonieri raccontata dal Pirri, la festa di [&hellip;]<\/p>\n","protected":false},"author":1,"featured_media":0,"parent":99,"menu_order":0,"comment_status":"closed","ping_status":"closed","template":"","meta":{"footnotes":""},"class_list":["post-113","page","type-page","status-publish","hentry"],"jetpack_sharing_enabled":true,"_links":{"self":[{"href":"https:\/\/www.podistipercaso.it\/home\/wp-json\/wp\/v2\/pages\/113","targetHints":{"allow":["GET"]}}],"collection":[{"href":"https:\/\/www.podistipercaso.it\/home\/wp-json\/wp\/v2\/pages"}],"about":[{"href":"https:\/\/www.podistipercaso.it\/home\/wp-json\/wp\/v2\/types\/page"}],"author":[{"embeddable":true,"href":"https:\/\/www.podistipercaso.it\/home\/wp-json\/wp\/v2\/users\/1"}],"replies":[{"embeddable":true,"href":"https:\/\/www.podistipercaso.it\/home\/wp-json\/wp\/v2\/comments?post=113"}],"version-history":[{"count":4,"href":"https:\/\/www.podistipercaso.it\/home\/wp-json\/wp\/v2\/pages\/113\/revisions"}],"predecessor-version":[{"id":4994,"href":"https:\/\/www.podistipercaso.it\/home\/wp-json\/wp\/v2\/pages\/113\/revisions\/4994"}],"up":[{"embeddable":true,"href":"https:\/\/www.podistipercaso.it\/home\/wp-json\/wp\/v2\/pages\/99"}],"wp:attachment":[{"href":"https:\/\/www.podistipercaso.it\/home\/wp-json\/wp\/v2\/media?parent=113"}],"curies":[{"name":"wp","href":"https:\/\/api.w.org\/{rel}","templated":true}]}}

<p style="text-align: justify;"><span style="color: #000000;">La tradizione folkloristica di Avola si è andata perdendo lungo i secoli, particolarmente dopo la ricostruzione del nuovo sito nel 1693. Molte erano le feste popolari  importanti e impregnate di  spiritualità, di allegoria e legate ad eventi storici che avevano coinvolto la città, vedi la festa S. Corrado Gonfalonieri raccontata dal Pirri, la festa di S. Biagio vesc., S. Giacomo, S. Anna e Giocchino, S. Giuseppe, la Madonna dell’Itria, ecc. Molte erano le confraternite che sostenevano e si impegnavano al realizzo delle feste sopraccitate. Oggi la festa più importante è la <strong>Pasqua</strong>. La festa inizia con  “Le sette parole” prima della morte, pronunciate sul sagrato della Chiesa Madre da un’effige del Cristo Crocifisso. Successivamente, l’effige del Cristo, snodabile, viene deposta in un lenzuolo bianco e condotto in processione sino alla Chiesa di S. Antonio Abate. Qui viene adagiato dentro la “vara” (bara) di vetro e viene ricoperto di petali di rosa. Inizia la Via Crucis con cinque statue raffiguranti i misteri dolorosi del Cristo e una statua della Vergine Addolorata, segue la processione la “vara” con baldacchino, che percorre le arterie principali del centro storico. La mattina della domenica di Pasqua si festeggia <strong>“A Paci”</strong>: la statua del Cristo Risorto portata a spalla dalla Chiesa di S. Giovanni B. va incontro alla statua della Vergine che proviene a sua volta dalla Ciesa di S. Antonio di Padova, avvolta nel manto nero del lutto. Arrivati in piazza Umberto I, la statua della Vergine, manovrata dall’interno, apre le braccia gettando il manto nero e lasciando volare delle colombe bianche, quindi viene portata di corsa verso la statua del Cristo Risorto, che incontra al centro della piazza, e benedicendolo lo abbraccia per tre volte. La seconda domenica di Maggio si festeggia S. Sebastiano con i <strong>“Nuri”</strong>, ovvero fedeli che, facendo promessa per una grazia, percorrono la strada SS. 115 dall’edicola votiva dedicata al Santo, in contrada Gallina, fino alla Chiesa Madre, scalzi, vestiti di bianco con una fascia rossa, invocando ad alta voce e lodando le meraviglie compiute dal Santo. La sera il baldacchino con la statua del Santo viene portato in processione per le vie della città. L’ultima domenica di luglio si festeggia <strong>S. Venera,</strong> patrona di Avola Festa preparata da un triduo che culmina nella processione della Statua della Santa per le vie della città. <strong>San. Giuseppe</strong> è una festa rionale o di quartiere, cioè ogni quartiere prepara dei grandi mucchi di legna che vengono bruciati la sera del 19 marzo con un grande falò. Il più famoso di questi falò, che ha mantenuto la tradizione ininterrottamente, è quello del quartiere dei Cappuccini. Degno di nota anche il <strong>Carnevale</strong>, festa pagana che finisce il martedì prima del mercoledì delle Ceneri, per tre giorni sfilano carri allegorici in cartapesta e carri addobbati con fiori e gruppi mascherati. La festa si conclude con il falò del carro rappresentante Re Carnevale.</span></p>
<p><span style="color: #000000;"> Fonte: da Avola Stradario (Giuseppe Giallongo Cravè)</span></p>

<p>La tradizione folkloristica di Avola si è andata perdendo lungo i secoli, particolarmente dopo la ricostruzione del nuovo sito nel 1693. Molte erano le feste popolari  importanti e impregnate di  spiritualità, di allegoria e legate ad eventi storici che avevano coinvolto la città, vedi la festa S. Corrado Gonfalonieri raccontata dal Pirri, la festa di [&hellip;]</p>
